 25. Is r(11) a prime number?
False
Let s = 8 - 4. Let a = s + -5. Let f(y) = -162*y - 1. Is f(a) a composite number?
True
Suppose 0*c - 3 = c. Let h be (42/2)/(c/(-44)). Suppose 0 = -6*b + 2*b + h. Is b a composite number?
True
Let w(x) = 2*x**2 - 33*x + 13. Let f(z) = -z**2 + 17*z - 7. Let s(a) = -7*f(a) - 4*w(a). Is s(5) a prime number?
True
Suppose -3*b - i + 4 = i, -3*b - 3*i = -6. Let v(o) = b*o + o - 2*o + 13. Is v(0) composite?
False
Let g be (-1)/(1/3 - 0). Let v(h) = -h**2 - 11*h - 6. Let i be v(-4). Let m = g + i. Is m prime?
True
Let v(z) = -5*z + 9 + 2*z + 17*z. Is v(5) composite?
False
Is (-9 + 2)/(0 + -1) a prime number?
True
Let g(y) = -9*y**2 - 4*y + 10*y**2 + 5 - y. Let k(l) = -l - 2. Let m be k(-8). Is g(m) a composite number?
False
Let y(x) = 24*x - 7. Let l be y(-6). Let v = l + 272. Is v a composite number?
True
Suppose 5*g - 6 = -1. Let f be 0 + 27 + (-8)/4. Suppose a + f - 154 = -2*i, -g = a. Is i prime?
False
Is ((-2)/(-10))/(18/(-45))*-4838 prime?
False
Let r(x) be the first derivative of -2*x**2 + 2. Let a be r(-1). Suppose -49 = a*q - 5*q. Is q a prime number?
False
Let k(r) = -r**3 - 6*r**2 + 8*r + 9. Let n be k(-7). Suppose 0 = -f - 2*z + 371, -n*z = 2*f - 382 - 360. Is f a composite number?
True
Let n(q) = 5*q**2 - 9*q - 16. Let c(h) = -4*h**2 + 9*h + 15. Let y(x) = 7*c(x) + 6*n(x). Let l be y(-8). Suppose -o + l + 2 = 0. Is o composite?
False
Suppose -5*m - 2*g = -643, -4*g + 20 = -5*m + 639. Is m composite?
False
Is (-1)/(2*3/(-4074)) a composite number?
True
Let c(k) = -2*k**2 - 4*k + 4. Let p be c(3). Let j be ((-2)/(-2))/((-2)/p). Is j - (1 - (2 + 1)) a prime number?
False
Is (4 + -6)*(-2 - (-261)/(-2)) prime?
False
Suppose -697 = -3*x + 56. Is x composite?
False
Let s be ((-15)/(-6))/((-2)/(-232)). Suppose -s = -g + 3*g. Let x = 204 + g. Is x composite?
False
Suppose w - 1646 = -j + 4*w, j - 2*w = 1643. Is j composite?
False
Let a(t) = -t**2 + 11*t + 7. Let b be a(11). Let z = b + -11. Is (13/(-2))/(2/z) prime?
True
Suppose -3*b + 2*b - 2*l = -15, 3*b - 5 = 2*l. Suppose b*h + 521 = 6*h. Is h prime?
True
Suppose 4*l - 17 - 29 = 2*c, 3*l - 33 = 3*c. Let g be 2/6 + 56/l. Suppose 178 + 457 = g*j. Is j a composite number?
False
Let h(w) = -w - 4. Let j be h(-6). Is j - (2 - 674/2) composite?
False
Let t(o) = -o**3 + 4*o**2 - 6*o + 4. Let d be t(4). Let s be ((-5)/(-2))/((-6)/(-84)). Let w = d + s. Is w composite?
True
Let i be 1 + (-5)/((-5)/2). Suppose -6 = i*s - 4*s. Suppose t = s*t - 425. Is t a prime number?
False
Let n = -69 - -41. Let s(x) = -x**2 + x + 7. Let h be s(5). Let l = h - n. Is l prime?
False
Let q(l) = 60*l + 13. Is q(6) composite?
False
Is 3/(-9)*0 - (-356 + 1) a composite number?
True
Let n(h) = -3*h + 1. Let q be 4/8 + 26/(-4). Is n(q) prime?
True
Suppose -119 = -2*c + 145. Suppose 2*q - 70 = c. Let f = q + -55. Is f composite?
True
Let q = -286 - -789. Is q prime?
True
Let u = -145 + 259. Let j = 211 - u. Is j composite?
False
Let n = -276 - -533. Is n composite?
False
Suppose 0*c - 4*c - 3*a + 595 = 0, -2*c - 4*a + 310 = 0. Is c a prime number?
False
Suppose 0 = -5*v + 5*u + 15, 5*v + 3 = -5*u - 12. Let g = 3 + v. Is g prime?
True
Let r(s) = 3. Suppose 5*u + 4 = 4*t + 34, -2*u = 3*t + 34. Let j(y) = y - 1. Let i(n) = t*j(n) - 5*r(n). Is i(-4) prime?
False
Let v be ((-9)/(-6))/(-3)*2. Let m be 24/(-18)*(v + -2). Is (90/27)/(m/366) a composite number?
True
Suppose -4*o = 4*i - o - 6101, -2*i = 3*o - 3055. Is i composite?
False
Suppose -4*b = -16, 550 = 3*j + b - 0*b. Let a be 1/2 - j/(-4). Let u = a - 32. Is u composite?
True
Let x(w) = 28*w**3 - 10*w**2 + 4*w - 1. Is x(6) prime?
True
Let r(c) = 4*c**3 + 11*c**2 + 5*c. Let x(u) = 0*u**2 - u**2 + u + 2*u**3 - 3*u**3. Let s(l) = -r(l) - 3*x(l). Is s(-7) composite?
False
Suppose -2*k + 472 + 162 = 0. Is k a composite number?
False
Is ((-151)/(-2))/(12/48) a prime number?
False
Let m = 6 + -9. Let n be m*(2 - 2136/(-9)). Is (-2)/3 - n/6 a composite number?
True
Let z(s) = 7*s - 19. Is z(11) a composite number?
True
Is 1/(-4) - (-3354)/8 prime?
True
Let l = -15 - -56. Let o = 17 + l. Is o a composite number?
True
Let f(p) = -144*p + 9. Let l(k) = -96*k + 6. Let c(r) = -5*f(r) + 7*l(r). Is c(2) prime?
False
Let b(q) = 14*q**3 - 4*q**2 - 5*q + 9. Is b(4) composite?
False
Suppose 5*o - 2*z = -42 - 3, 4*o - 2*z = -36. Let r(a) = -19*a + 6. Is r(o) a composite number?
True
Let p(z) = z - 1. Let t be p(3). Let h be 53/1 - (-5 + 1). Suppose 5*k = t*k + h. Is k a composite number?
False
Suppose -4*h = -3*h. Suppose o + 0*o - s - 18 = h, -39 = -2*o + s. Is o a composite number?
True
Let k be (-32)/24*3*-3. Suppose 515 = -7*g + k*g. Is g a composite number?
False
Let p be 2/2*(-6)/(-2). Suppose 86 = o - p*r, 6*o - o + 4*r - 335 = 0. Is o prime?
True
Let p = -3 - -2. Let y(c) = -34*c + 3 - 2 + 0. Is y(p) a prime number?
False
Is -4 + 6 + 138 - -1 a prime number?
False
Suppose -3*o = o. Suppose -v - 2 = -4*c, o = -2*c + 3*v + 5 + 1. Suppose -3*i + 42 = -c*i. Is i prime?
False
Suppose 0 = -5*d + 5, 3*s + 6 = 3*d. Let l be ((-3)/(-3))/(s/(-4)). Suppose 5*t - 111 = -l*z, -5*t + 118 = -5*z + 43. Is t composite?
False
Let f = -814 - -1575. Is f a composite number?
False
Let c = 365 - 103. Is c a composite number?
True
Let n = 6 - 2. Suppose -n*l = -2*l + 18. Is 3/l + 500/6 prime?
True
Suppose 2*v = 4*p - 2436, -5*v + 1218 = p + p. Suppose 4*d - 7*d + p = 0. Is d a composite number?
True
Is (325 - -6) + (-5 - -1) prime?
False
Let s(a) = -3*a**3 + a**2 - 10*a - 19. Is s(-8) composite?
True
Suppose 4*j - 4*y = -48, y - 21 = 4*j + 15. Let n = 34 + -62. Is (-1290)/j + 7/n a composite number?
True
Let s = -146 - -87. Let p = 114 + s. Is p composite?
True
Is ((-166)/4)/(9/(-126)) a composite number?
True
Let q(o) = -o**3 + 5*o**2 + 7*o - 8. Let j be q(6). Let p be (421 - -4)*j/5. Is (p/4)/((-4)/8) composite?
True
Let n(c) be the first derivative of -c**3/6 - c**2 - 2*c + 3. Let t(p) be the first derivative of n(p). Is t(-5) a composite number?
False
Suppose q + 5*p = 561, -q - 2*p = -2*q + 561. Let g = q + -314. Is g prime?
False
Let u(y) = 8*y**2 + 3*y + 1. Let x be u(-2). Suppose -3*d - 8 - 10 = 0. Is x/(-6)*8/d a composite number?
True
Suppose 0 = -2*k, 0*k - 5*k + 165 = 3*x. Is x composite?
True
Let g be (2 - 1/(-1))*1. Suppose 0 = -0*d + g*d - 246. Is d a composite number?
True
Let q(x) = x - 1. Let b be q(-5). Let i be 1/(b/(-2))*123. Suppose 3*m + 0*d = -d + i, -m + d = -11. Is m a prime number?
True
Let y = 1234 - 735. Is y a composite number?
False
Suppose 0 = -3*r - 1 + 7. Let i = -2 + r. Suppose i = 2*o + 3 - 17. Is o a composite number?
False
Let w(v) = v**2 + v - 1. Let n(i) = -7*i**2 - i - 5. Let j(k) = -n(k) - 5*w(k). Is j(6) a prime number?
False
Let q(x) = 20*x**2 - 1. Suppose 7 - 2 = -5*w. Is q(w) a prime number?
True
Let f(k) = 4*k**2 - 11*k + 34. Is f(9) a composite number?
True
Let a be 1 - (-63 - (5 + -2)). Suppose -s - 6 = 4*m, -4*s - m - 16 = -a. Is s composite?
True
Let l = -18 + 4. Is 34/(-119) - 1040/l composite?
True
Suppose -25 - 15 = -4*s + 3*d, -2*s + 5*d + 6 = 0. Suppose 2*y + 0*b = -5*b + 9, b - s = -2*y. Suppose -138 = -y*v + 4*v. Is v prime?
False
Suppose -89 = -3*x + 10. Is x composite?
True
Suppose -12*k - 23 = -13*k. Is k a composite number?
False
Let z(v) = -3018*v + 1. Is z(-2) a composite number?
False
Suppose 2*k - 16 = -2*k. Suppose k*g + 3 - 11 = 0. Suppose h = -h, g*h - 156 = -4*s. Is s composite?
True
Let b = 3 + 0. Suppose -2*h = 2*f - 7*h + 71, 2*h + 59 = -b*f. Let n = f - -34. Is n prime?
True
Suppose 5*s + k = -0 + 5, 2*s = -5*k - 21. Let v(c) = c**s - 8*c - 1 + 0*c + 3*c**2 + 5*c. Is v(4) prime?
False
Suppose 4*v = 5*y + 3*v - 6, 5*y = 3*v - 2. Suppose -3*d + y*b + 225 = 0, -4*d - 2*b + 391 = d. Is d prime?
False
Let i(y) = -100*y + 5. Let f be i(4). Let k = f + 660. Is k prime?
False
Let y = 347 + -156. Is y a composite number?
False
Let x(o) = -o**3 - 2*o**2 - 5*o - 15. Is x(-6) prime?
False
Suppose 3*d - 18 + 0 = 0. Suppose 2*v = d*v - 276. Is v composite?
True
Suppose -1 = m - 0. Let n = m + 116. Is n a prime number?
False
Suppose -2*n = n - 405. Let g = n + -82. Is g prime?
True
Suppose 520 + 9921 = 4*a - h, -4*h + 12 = 0. Suppose 2*q = -3*q + 4*o + a, 2*o - 511 = -q. Is q a composite number?
True
Let i(z) = -